by n?
24
Suppose -i + 22 = -28. Suppose -3*f = -f - i. Let u(y) = -y**3 - y - 1. Calculate the remainder when f is divided by u(-2).
7
Let x = -16 - -25. Suppose -4*m = -3*m + n, 4*m + 18 = 5*n. Calculate the remainder when 17 + (x/(-3) - m) is divided by 9.
7
What is the remainder when (-6)/4*(-200)/30 is divided by 5?
0
Let f = -9 - -19. Suppose -8 = -4*u, 5*h - 27 - 71 = -4*u. What is the remainder when h is divided by f?
8
Calculate the remainder when 46 is divided by (-5)/(-2) - (-172)/8.
22
Suppose -5*y + y - 4*p - 28 = 0, 5*y + 3*p + 37 = 0. Let k = y + 16. Suppose -4*a = -5*a + k. Calculate the remainder when 14 is divided by a.
6
Suppose 3*o = 20 + 22. Suppose -2*p = 3*s - 121 - 48, 2*s = -4*p + 350. Let m = p - 48. Calculate the remainder when m is divided by o.
13
Calculate the remainder when 46 is divided by (-28 + 4)*(-4)/6.
14
Let z(x) = x**3 + 7*x**2 + 6*x - 5. Let u be z(-6). Let q(d) = -2*d + 8. What is the remainder when 69 is divided by q(u)?
15
Suppose -3 + 11 = 4*x. Suppose 4*y + 2*z + 4 = -2*z, -x*y + 2*z = -10. Suppose 0 = y*k - 3 - 41. Calculate the remainder when 65 is divided by k.
21
Suppose 0 = -7*s + 3*s + 12. Let c(n) = n**3 - 2*n**2 - 3*n + 2. Let f = 0 - -2. What is the remainder when c(s) is divided by f?
0
Suppose 1061 = 13*o + 60. Calculate the remainder when o is divided by 10.
7
Suppose 512 = 5*s - 2*l - 192, -2*s - 3*l = -274. Let g = s + -83. What is the remainder when g + 2/(-3)*3 is divided by 14?
13
Suppose -q = -2*n + 21, -2*q + q + 5*n = 24. Let l = 7 - q. Calculate the remainder when l is divided by 7.
5
Suppose 0 = -2*d - 2*d + 16, 20 = -3*n + 5*d. Suppose -2*b + l + 38 = n, 0 = -0*b + 5*b - 5*l - 105. What is the remainder when b is divided by 5?
2
Suppose 0 = l - 2*l + 5. Let n(y) = y**3 + 13*y**2 - 2*y - 18. Let f be n(-13). Let v = 21 - f. What is the remainder when v is divided by l?
3
Let w(t) = t**2 + 5*t - 4. Let d be w(-6). Suppose 4*a = 20, -j - 4*a + 28 = -0*j. What is the remainder when j is divided by (-5)/d*12/(-10)?
2
Let g = 52 + -45. Calculate the remainder when 26 is divided by g.
5
Suppose 6*r - 3 = 9. Suppose 2*y + n = -y + 51, r*n = 4*y - 58. What is the remainder when 61 is divided by y?
13
Calculate the remainder when 42 is divided by 17 - ((-3)/(-9))/(2/12).
12
Let p(x) be the second derivative of -x**4/4 + x**3/6 + 4*x. Let d be p(1). Calculate the remainder when 35 is divided by (1/d)/(6/(-216)).
17
Let o = -132 + 190. Suppose 0 = -g + 7 + 8. What is the remainder when o is divided by g?
13
Calculate the remainder when 95 is divided by -32*(-4)/((-16)/(-3)).
23
Let n be ((-16)/(-10))/((-4)/40). Let i = -1 - n. Calculate the remainder when 44 is divided by i.
14
Calculate the remainder when 123 - (6/(-27) + (-40)/(-18)) is divided by 42.
37
Let s be (-12)/3*(-1)/2. Suppose -60 = -3*w - s*w. What is the remainder when 22 is divided by w?
10
Let x(n) = n**2 + 4*n + 2. Let v be x(-4). Suppose -v*b + 13 = 3*g, 4*g - 24 = -0*g - b. Calculate the remainder when 19 is divided by g.
5
Let t = -118 - -200. Suppose 2 = 3*k - t. Suppose 4*q - 33 = 27. Calculate the remainder when k is divided by q.
13
Let o be ((-46)/3)/(4/(-6)). Suppose -16 = -3*l + o. Calculate the remainder when l is divided by 5.
3
Let h(a) = 2*a**2 - 7*a + 6. Let u(o) = -5*o + 3. Calculate the remainder when u(-7) is divided by h(4).
8
Let f(g) = -g**2 + 18*g - 20. Suppose 5*o - 10 - 85 = 0. What is the remainder when f(14) is divided by o?
17
Let f(h) = -3*h + 3. Calculate the remainder when f(-5) is divided by 7.
4
Suppose 578 - 88 = 5*m. What is the remainder when m is divided by 33?
32
Let d = -10 - -9. What is the remainder when 25 is divided by (-9)/(2*d/2)?
7
Let x = 38 - 21. Calculate the remainder when x is divided by 9.
8
Let z = 9 + 7. Let w = 76 - 30. What is the remainder when w is divided by z?
14
Let w(z) = -z**3 - 7*z**2 - 4*z + 12. Let u be w(-6). Suppose -m - 3*r + 39 = u, -4*r - 4 = -5*r. Calculate the remainder when m is divided by 10.
7
Suppose 2*f + 3 = f. Let y = 4 - f. Suppose 0 = -2*p - 0*p + 40. What is the remainder when p is divided by y?
6
Suppose 4*w = -0*w + 12. Calculate the remainder when ((-8)/14)/((-1)/7) is divided by w.
1
Suppose -5*s + 183 = 13. Calculate the remainder when s is divided by 12.
10
Let c(o) = o + 14. Let w = 6 + -3. Let u(q) = 1. Let m(x) = w*u(x) + c(x). Calculate the remainder when m(0) is divided by 6.
5
Let p(k) = -10*k - 4. Let m = 46 - 30. Calculate the remainder when p(-5) is divided by m.
14
Let u be (52/2)/((-5)/(-25)). Let y = 182 - u. Calculate the remainder when y is divided by 18.
16
Let q = 7 + -6. What is the remainder when 4*3 - (2 + q) is divided by 4?
1
Suppose o - 3 = -f + 2, o = 4. Suppose 0 = z - 0*z + 2. Calculate the remainder when 28 is divided by (4 + z)/f + 8.
8
What is the remainder when -4 + -5*(-3)/((-15)/(-235)) is divided by 39?
36
Suppose -h + 60 = 2*h. Suppose -z + 23 = -h. What is the remainder when z is divided by 15?
13
Let l(n) = 3*n**2 + 6. Calculate the remainder when l(5) is divided by 14.
11
What is the remainder when 295 is divided by ((-20)/(-4) + -8)*-11?
31
Suppose -12 = -7*o + 4*o. Calculate the remainder when 15 is divided by o.
3
Let m = -72 + 130. Let v = -208 + 228. What is the remainder when m is divided by v?
18
Let m = 45 - 23. Let j = m + -7. What is the remainder when 44 is divided by j?
14
Let g be (0 + 60/16)*12. Suppose g = 2*m - 9. Calculate the remainder when m is divided by 14.
13
Let d = 6 - 3. Suppose -48 = -c + 3*j, 3*c - d*j = 4*c - 24. Calculate the remainder when c is divided by 19.
17
Let x = -61 + 70. What is the remainder when x is divided by 2?
1
Suppose -9*w + 5*w + 116 = 0. Calculate the remainder when w is divided by 10.
9
Let k(g) = -g**2 - 17*g - 10. Let h be k(-13). Let l = h + -15. Calculate the remainder when l is divided by 15.
12
Let j = -50 - -60. Calculate the remainder when 14 is divided by j.
4
Let k = -15 - -25. Let t = 112 + -94. Calculate the remainder when t is divided by k.
8
Suppose 3*t + 73 = 4*t. Calculate the remainder when t is divided by 25.
23
Suppose 0 = -5*x + 79 + 166. What is the remainder when x is divided by 13?
10
Let k = 0 + 6. Let o(g) = -3*g**2 - 7 + 0 - g + 4*g**2. Calculate the remainder when o(k) is divided by 8.
7
Let o(t) = -t**3 + 3*t**2 + 2*t - 4. Let w be o(3). Suppose -w*r - 3*k = -64, -3*r - 5*k = -101 + 3. Calculate the remainder when 101 is divided by r.
23
Let k = 6 + 18. Suppose -g = p - 3 - 0, -3*g + 15 = 5*p. Suppose -5*r = -4*w + 77, -29 = -p*w - 3*r + r. Calculate the remainder when k is divided by w.
11
Let o(g) = g**3 + 3*g**2 - g + 1. Let n be o(-4). Let c = n - -21. Suppose 16 = u - c. What is the remainder when u is divided by 14?
12
Suppose -5*u = -d + 3, -4*d - 3*u + 4*u = -12. Suppose 5*a = -2*h + 19, 5*a = d*a + 4*h + 22. What is the remainder when 8 is divided by a?
3
Suppose -13 = -5*b + 47. Suppose -86 = -2*f + 4*n, -4*f - 26 + 186 = -5*n. Calculate the remainder when f is divided by b.
11
Let u = 1 + 3. What is the remainder when ((-114)/15)/(u/(-10)) is divided by 10?
9
Let q = 53 + -50. What is the remainder when 5 is divided by q?
2
Let a(l) = -l**2 + 2*l - 1. Let y be a(2). Calculate the remainder when (-119)/(-6) + 2/12 is divided by y - ((-96)/2)/4.
9
Let g be 3/(-6)*-5*2. Suppose -4*q + g*b = -216, -3*q - 2*q + 5*b = -270. Calculate the remainder when q is divided by 19.
16
Let c(h) = -h**3 - 11*h**2 + h + 8. Let j be c(-11). Calculate the remainder when 55 - j*(-2 + 3) is divided by 20.
18
Suppose 4 - 14 = -b. What is the remainder when 68 is divided by b?
8
Suppose -182 = 9*z - 1199. Calculate the remainder when z is divided by 29.
26
Let m(q) = -q**3 - 10*q**2 + 8*q + 2. What is the remainder when m(-11) is divided by 4?
3
Suppose -5*g = -19 - 6. Calculate the remainder when 8 is divided by g.
3
Let n = 28 + 4. Calculate the remainder when n is divided by 17.
15
Suppose 3 = -3*d - 3, -3*d - 1 = 5*j. Let x(w) = -2 + w**3 - 2 + 5 - w**2. What is the remainder when j is divided by x(1)?
0
Let j(v) = 2*v**2 + 8 - 4*v + 0*v - v**2. What is the remainder when 38 is divided by j(6)?
18
Let z(k) = 6*k**2 + k - 1. Suppose 2*j + 0*j = 6. Calculate the remainder when z(j) is divided by 19.
18
Suppose 0 = -12*t + 2*t + 290